{"id":476,"date":"2022-01-23T16:17:32","date_gmt":"2022-01-23T16:17:32","guid":{"rendered":"https:\/\/themes.solverwp.com\/?page_id=476"},"modified":"2024-06-25T19:32:10","modified_gmt":"2024-06-25T16:32:10","slug":"contact","status":"publish","type":"page","link":"https:\/\/rotaacikhava.com.tr\/index.php\/contact\/","title":{"rendered":"\u0130leti\u015fim"},"content":{"rendered":"\t\t<div data-elementor-type=\"wp-page\" data-elementor-id=\"476\" class=\"elementor elementor-476\">\n\t\t\t\t\t\t\t\t\t<section class=\"elementor-section elementor-top-section elementor-element elementor-element-9de9a4f elementor-section-full_width elementor-section-height-default elementor-section-height-default\" data-id=\"9de9a4f\" data-element_type=\"section\">\n\t\t\t\t\t\t<div class=\"elementor-container elementor-column-gap-no\">\n\t\t\t\t\t<div class=\"elementor-column elementor-col-100 elementor-top-column elementor-element elementor-element-80b51ac\" data-id=\"80b51ac\" data-element_type=\"column\">\n\t\t\t<div class=\"elementor-widget-wrap elementor-element-populated\">\n\t\t\t\t\t\t\t\t<div class=\"elementor-element elementor-element-a3cdad1 elementor-widget elementor-widget-itechie-info-box-widget\" data-id=\"a3cdad1\" data-element_type=\"widget\" data-widget_type=\"itechie-info-box-widget.default\">\n\t\t\t\t<div class=\"elementor-widget-container\">\n\t\t\t    <div class=\"team-area info-box-two\">\r\n        <div class=\"container\">\r\n            <div class=\"row justify-content-center\">\r\n                <div class=\"col-lg-6 col-md-9\">\r\n                    <div class=\"section-title text-center\">\r\n                                                    <h5 class=\"sub-title double-line\">\u0130leti\u015fim<\/h5>\r\n                                                                            <h2 class=\"title\">\u0130leti\u015fime Ge\u00e7<\/h2>\r\n                                                                            <p class=\"content\">\n<\/p>\r\n                                            <\/div>\r\n                <\/div>\r\n            <\/div>\r\n            <div class=\"row justify-content-center\">\r\n                                                            <div class=\"col-lg-4 col-md-6\">\r\n                            <div class=\"single-contact-inner text-center\">\r\n                                 <div class=\"icon-box\">\r\n                                    <i class=\" icomoon-pin\"><\/i>\r\n                                <\/div>\r\n                                <div class=\"details-wrap\">\r\n                                    <div class=\"details-inner\">\r\n                                        <h3>Adres<\/h3>\r\n                                        <p>Ayaza\u011fa Mah. Mimar Sinan Sk <br \/>Seba Office Boulevard<br> No:21 D Blok Office 71 <br \/>SARIYER \/ \u0130STANBUL<\/p>\r\n                                    <\/div>\r\n                                <\/div>\r\n                            <\/div>\r\n                        <\/div>\r\n                                            <div class=\"col-lg-4 col-md-6\">\r\n                            <div class=\"single-contact-inner text-center\">\r\n                                 <div class=\"icon-box\">\r\n                                    <i class=\" icomoon-email\"><\/i>\r\n                                <\/div>\r\n                                <div class=\"details-wrap\">\r\n                                    <div class=\"details-inner\">\r\n                                        <h3>Email Address<\/h3>\r\n                                        <p>info@rotaacikhava.com<\/p>\r\n                                    <\/div>\r\n                                <\/div>\r\n                            <\/div>\r\n                        <\/div>\r\n                                            <div class=\"col-lg-4 col-md-6\">\r\n                            <div class=\"single-contact-inner text-center\">\r\n                                 <div class=\"icon-box\">\r\n                                    <i class=\" icomoon-telephone\"><\/i>\r\n                                <\/div>\r\n                                <div class=\"details-wrap\">\r\n                                    <div class=\"details-inner\">\r\n                                        <h3>Phone Number<\/h3>\r\n                                        <p>0212 347 65 50\n\n<\/p>\r\n                                    <\/div>\r\n                                <\/div>\r\n                            <\/div>\r\n                        <\/div>\r\n                                    \r\n            <\/div>\r\n        <\/div>\r\n    <\/div>\r\n\t\t<\/div>\n\t\t\t\t<\/div>\n\t\t\t\t\t<\/div>\n\t\t<\/div>\n\t\t\t\t\t\t\t<\/div>\n\t\t<\/section>\n\t\t\t\t<section class=\"elementor-section elementor-top-section elementor-element elementor-element-1cb5a5f elementor-section-full_width elementor-section-height-default elementor-section-height-default\" data-id=\"1cb5a5f\" data-element_type=\"section\">\n\t\t\t\t\t\t<div class=\"elementor-container elementor-column-gap-no\">\n\t\t\t\t\t<div class=\"elementor-column elementor-col-100 elementor-top-column elementor-element elementor-element-cfe71d3\" data-id=\"cfe71d3\" data-element_type=\"column\">\n\t\t\t<div class=\"elementor-widget-wrap elementor-element-populated\">\n\t\t\t\t\t\t\t\t<div class=\"elementor-element elementor-element-e2057cc elementor-widget elementor-widget-google_maps\" data-id=\"e2057cc\" data-element_type=\"widget\" data-widget_type=\"google_maps.default\">\n\t\t\t\t<div class=\"elementor-widget-container\">\n\t\t\t<style>\/*! elementor - v3.6.6 - 08-06-2022 *\/\n.elementor-widget-google_maps .elementor-widget-container{overflow:hidden}.elementor-widget-google_maps iframe{height:300px}<\/style>\t\t<div class=\"elementor-custom-embed\">\n\t\t\t<iframe frameborder=\"0\" scrolling=\"no\" marginheight=\"0\" marginwidth=\"0\"\n\t\t\t\t\tsrc=\"https:\/\/maps.google.com\/maps?q=London%20Eye%2C%20London%2C%20United%20Kingdom&#038;t=m&#038;z=10&#038;output=embed&#038;iwloc=near\"\n\t\t\t\t\ttitle=\"London Eye, London, United Kingdom\"\n\t\t\t\t\taria-label=\"London Eye, London, United Kingdom\"\n\t\t\t><\/iframe>\n\t\t<\/div>\n\t\t\t\t<\/div>\n\t\t\t\t<\/div>\n\t\t\t\t\t<\/div>\n\t\t<\/div>\n\t\t\t\t\t\t\t<\/div>\n\t\t<\/section>\n\t\t\t\t<section class=\"elementor-section elementor-top-section elementor-element elementor-element-2ff2d0f elementor-section-full_width .g-map-inner elementor-section-height-default elementor-section-height-default\" data-id=\"2ff2d0f\" data-element_type=\"section\">\n\t\t\t\t\t\t<div class=\"elementor-container elementor-column-gap-default\">\n\t\t\t\t\t<div class=\"elementor-column elementor-col-66 elementor-top-column elementor-element elementor-element-4811890\" data-id=\"4811890\" data-element_type=\"column\">\n\t\t\t<div class=\"elementor-widget-wrap\">\n\t\t\t\t\t\t\t\t\t<\/div>\n\t\t<\/div>\n\t\t\t\t<div class=\"elementor-column elementor-col-33 elementor-top-column elementor-element elementor-element-a4d2478\" data-id=\"a4d2478\" data-element_type=\"column\">\n\t\t\t<div class=\"elementor-widget-wrap elementor-element-populated\">\n\t\t\t\t\t\t\t\t<div class=\"elementor-element elementor-element-32a99b1 elementor-widget elementor-widget-shortcode\" data-id=\"32a99b1\" data-element_type=\"widget\" data-widget_type=\"shortcode.default\">\n\t\t\t\t<div class=\"elementor-widget-container\">\n\t\t\t\t\t<div class=\"elementor-shortcode\"><div role=\"form\" class=\"wpcf7\" id=\"wpcf7-f483-o1\" lang=\"en-US\" dir=\"ltr\">\n<div class=\"screen-reader-response\"><p role=\"status\" aria-live=\"polite\" aria-atomic=\"true\"><\/p> <ul><\/ul><\/div>\n<form action=\"\/index.php\/wp-json\/wp\/v2\/pages\/476#wpcf7-f483-o1\" method=\"post\" class=\"wpcf7-form init\" novalidate=\"novalidate\" data-status=\"init\">\n<div style=\"display: none;\">\n<input type=\"hidden\" name=\"_wpcf7\" value=\"483\" \/>\n<input type=\"hidden\" name=\"_wpcf7_version\" value=\"5.5.6.1\" \/>\n<input type=\"hidden\" name=\"_wpcf7_locale\" value=\"en_US\" \/>\n<input type=\"hidden\" name=\"_wpcf7_unit_tag\" value=\"wpcf7-f483-o1\" \/>\n<input type=\"hidden\" name=\"_wpcf7_container_post\" value=\"0\" \/>\n<input type=\"hidden\" name=\"_wpcf7_posted_data_hash\" value=\"\" \/>\n<\/div>\n<div class=\"consulting-contact-form mx-4\">\n<h3 class=\"mb-3 text-center\">\u0130leti\u015fim Formu<\/h3>\n<div class=\"single-input-inner style-bg\">\n                        <span class=\"wpcf7-form-control-wrap text-276\"><input type=\"text\" name=\"text-276\" value=\"\" size=\"40\" class=\"wpcf7-form-control wpcf7-text wpcf7-validates-as-required\" aria-required=\"true\" aria-invalid=\"false\" placeholder=\"Ad Soyad\" \/><\/span>\n                    <\/div>\n<div class=\"single-input-inner style-bg\">\n                        <span class=\"wpcf7-form-control-wrap email-981\"><input type=\"email\" name=\"email-981\" value=\"\" size=\"40\" class=\"wpcf7-form-control wpcf7-text wpcf7-email wpcf7-validates-as-required wpcf7-validates-as-email\" aria-required=\"true\" aria-invalid=\"false\" placeholder=\"E-posta\" \/><\/span>\n                    <\/div>\n<div class=\"single-input-inner style-bg\">\n                        <span class=\"wpcf7-form-control-wrap tel-473\"><input type=\"text\" name=\"tel-473\" value=\"\" size=\"40\" class=\"wpcf7-form-control wpcf7-text wpcf7-validates-as-required\" aria-required=\"true\" aria-invalid=\"false\" placeholder=\"Telefon\" \/><\/span>\n                    <\/div>\n<div class=\"single-input-inner style-bg\">\n                        <span class=\"wpcf7-form-control-wrap text-276\"><input type=\"text\" name=\"text-276\" value=\"\" size=\"40\" class=\"wpcf7-form-control wpcf7-text wpcf7-validates-as-required\" aria-required=\"true\" aria-invalid=\"false\" placeholder=\"Konu\" \/><\/span>\n                    <\/div>\n<div class=\"single-input-inner style-bg\">\n                        <span class=\"wpcf7-form-control-wrap textarea-534\"><textarea name=\"textarea-534\" cols=\"40\" rows=\"10\" class=\"wpcf7-form-control wpcf7-textarea wpcf7-validates-as-required\" aria-required=\"true\" aria-invalid=\"false\" placeholder=\"Mesaj\"><\/textarea><\/span>\n                    <\/div>\n<div class=\"btn-wrap text-center mb-4\">\n                         <input type=\"submit\" value=\"G\u00f6nder\" class=\"wpcf7-form-control has-spinner wpcf7-submit btn btn-base btn-small\" \/>\n                    <\/div>\n<\/div>\n<div class=\"wpcf7-response-output\" aria-hidden=\"true\"><\/div><\/form><\/div><\/div>\n\t\t\t\t<\/div>\n\t\t\t\t<\/div>\n\t\t\t\t\t<\/div>\n\t\t<\/div>\n\t\t\t\t\t\t\t<\/div>\n\t\t<\/section>\n\t\t\t\t\t\t\t<\/div>\n\t\t","protected":false},"excerpt":{"rendered":"<p>\u0130leti\u015fim \u0130leti\u015fime Ge\u00e7 Adres Ayaza\u011fa Mah. Mimar Sinan Sk Seba Office Boulevard No:21 D Blok Office 71 SARIYER \/ \u0130STANBUL Email Address info@rotaacikhava.com Phone Number 0212 347 65 50<\/p>\n","protected":false},"author":1,"featured_media":0,"parent":0,"menu_order":0,"comment_status":"closed","ping_status":"closed","template":"elementor_header_footer","meta":[],"_links":{"self":[{"href":"https:\/\/rotaacikhava.com.tr\/index.php\/wp-json\/wp\/v2\/pages\/476"}],"collection":[{"href":"https:\/\/rotaacikhava.com.tr\/index.php\/wp-json\/wp\/v2\/pages"}],"about":[{"href":"https:\/\/rotaacikhava.com.tr\/index.php\/wp-json\/wp\/v2\/types\/page"}],"author":[{"embeddable":true,"href":"https:\/\/rotaacikhava.com.tr\/index.php\/wp-json\/wp\/v2\/users\/1"}],"replies":[{"embeddable":true,"href":"https:\/\/rotaacikhava.com.tr\/index.php\/wp-json\/wp\/v2\/comments?post=476"}],"version-history":[{"count":10,"href":"https:\/\/rotaacikhava.com.tr\/index.php\/wp-json\/wp\/v2\/pages\/476\/revisions"}],"predecessor-version":[{"id":2217,"href":"https:\/\/rotaacikhava.com.tr\/index.php\/wp-json\/wp\/v2\/pages\/476\/revisions\/2217"}],"wp:attachment":[{"href":"https:\/\/rotaacikhava.com.tr\/index.php\/wp-json\/wp\/v2\/media?parent=476"}],"curies":[{"name":"wp","href":"https:\/\/api.w.org\/{rel}","templated":true}]}}